{"id":128,"date":"2024-04-17T08:39:18","date_gmt":"2024-04-17T08:39:18","guid":{"rendered":"https:\/\/excavaolivo.com\/?page_id=128"},"modified":"2024-04-17T13:41:02","modified_gmt":"2024-04-17T13:41:02","slug":"olivos-centenarios","status":"publish","type":"page","link":"https:\/\/excavaolivo.com\/?page_id=128","title":{"rendered":"Olivos Centenarios"},"content":{"rendered":"\n\n\n\n\n<p>Venta de olivos centenarios de diferentes tama\u00f1os, para decoraci\u00f3n de jardineres, edificios, exposiciones, etc, con pasaporte fitosanitario para el cumplimiento de la legislaci\u00f3n en sanidad vegetal, env\u00edos a toda Espa\u00f1a y CEE. Pregunte sin compromiso y podr\u00e1 elegir ejemplares que se adecuen a sus intereses, seg\u00fan su forma, tronco , antig\u00fcedad.<\/p>\n","protected":false},"excerpt":{"rendered":"<p>Venta de olivos centenarios de diferentes tama\u00f1os, para decoraci\u00f3n de jardineres, edificios, exposiciones, etc, con pasaporte fitosanitario para el cumplimiento de la legislaci\u00f3n en sanidad vegetal, env\u00edos a toda Espa\u00f1a y CEE. Pregunte sin compromiso y podr\u00e1 elegir ejemplares que se adecuen a sus intereses, seg\u00fan su forma, tronco , antig\u00fcedad.<\/p>\n","protected":false},"author":2,"featured_media":0,"parent":0,"menu_order":3,"comment_status":"closed","ping_status":"closed","template":"","meta":{"footnotes":""},"class_list":["post-128","page","type-page","status-publish","hentry"],"_links":{"self":[{"href":"https:\/\/excavaolivo.com\/index.php?rest_route=\/wp\/v2\/pages\/128","targetHints":{"allow":["GET"]}}],"collection":[{"href":"https:\/\/excavaolivo.com\/index.php?rest_route=\/wp\/v2\/pages"}],"about":[{"href":"https:\/\/excavaolivo.com\/index.php?rest_route=\/wp\/v2\/types\/page"}],"author":[{"embeddable":true,"href":"https:\/\/excavaolivo.com\/index.php?rest_route=\/wp\/v2\/users\/2"}],"replies":[{"embeddable":true,"href":"https:\/\/excavaolivo.com\/index.php?rest_route=%2Fwp%2Fv2%2Fcomments&post=128"}],"version-history":[{"count":4,"href":"https:\/\/excavaolivo.com\/index.php?rest_route=\/wp\/v2\/pages\/128\/revisions"}],"predecessor-version":[{"id":162,"href":"https:\/\/excavaolivo.com\/index.php?rest_route=\/wp\/v2\/pages\/128\/revisions\/162"}],"wp:attachment":[{"href":"https:\/\/excavaolivo.com\/index.php?rest_route=%2Fwp%2Fv2%2Fmedia&parent=128"}],"curies":[{"name":"wp","href":"https:\/\/api.w.org\/{rel}","templated":true}]}}